me factors of y?
13
Suppose 0 = 10*b - 69639 + 19499. What are the prime factors of b?
2, 23, 109
Let o = 6887 + 4659. What are the prime factors of o?
2, 23, 251
Suppose -h = -7*h. Suppose -5*s - 1575 = 3*j + 376, h = -4*j + 3*s - 2553. What are the prime factors of ((-3)/9)/(2/j)?
107
Let p = -400 + 2074. Let u = p + -969. Suppose 10*h - 1305 = u. List the prime factors of h.
3, 67
List the prime factors of 7 + (-102380)/(-18) + 180/810.
5, 17, 67
Let n = -513 - -644. Suppose 2*p - 1963 = n. What are the prime factors of p?
3, 349
Let r = -8819 - -16622. What are the prime factors of r?
3, 17
Let c(u) = -u**2 - 8*u + 21. Let g be c(-9). Suppose -36 = -3*m - 3*p, -p = m + p - g. What are the prime factors of m?
2, 3
Suppose -2*s + 92 = -46. Suppose 142 + 188 = 3*i. Let w = i - s. List the prime factors of w.
41
Suppose -2*v - 6 = 0, 2*s = -0*s + 3*v + 19. What are the prime factors of (-4 + 9 + s)*26?
2, 5, 13
Suppose -2*i + 6*i + 20 = 0, 0 = k - i - 4. Suppose -u = -3*b + 76, 7*b - 2*b + 3*u = 150. List the prime factors of (-24)/k*b/6.
2, 3
Let b be -1*4/(-36) - 2/18. Suppose -3*y - 12 = 0, 0 = 3*o - b*y + 5*y - 472. What are the prime factors of o?
2, 41
List the prime factors of (-6 - -1)*(-43 + -148).
5, 191
What are the prime factors of (-142)/(-8)*(-218)/(-8)*(-144)/(-9)?
71, 109
Suppose v = -3*a + 3, 2*v - 5 = 3*v - 5*a. Let p = v - -9. List the prime factors of 2 + (-910)/(-8) - p/12.
5, 23
Let k(y) = -y**3 - 4*y**2 + 17*y + 57. Let d be k(-6). Suppose d*m - 2310 = 17*m. What are the prime factors of m?
3, 7, 11
Let x(c) = -7*c - 1. Let u be x(-1). Let b be (-4)/1*(-6 - 132/(-24)). Suppose -5*j + 12 + 27 = b*v, u = 3*v. What are the prime factors of j?
7
Let r(s) = -9*s**2 - 2*s - 1. Let d be r(-1). Suppose l + 3*h = 104, 0 = 5*l - 425*h + 428*h - 460. Let z = l + d. List the prime factors of z.
3
Let i = 14 + -9. Suppose 12 = i*k + k. Suppose 4*c - 63 = -3*s, -6*c = -2*c - k*s - 78. What are the prime factors of c?
2, 3
Suppose 0 = f - 152*k + 156*k - 31570, -11*f + 347074 = -5*k. List the prime factors of f.
2, 3, 1753
Let h(i) = -i**2 + 45*i + 9. Let j be h(0). Let n(y) = 3*y**2 + 2*y - 104. What are the prime factors of n(j)?
157
Suppose 4*c = 4*s - 8*s + 1804, -4*c + 1803 = 5*s. Let m = c - 223. What are the prime factors of m?
229
Let u = 411 - 409. Suppose 0 = v - u*i - 1484, -2*v + 3*i + 0*i = -2969. What are the prime factors of v?
2, 743
Let i(w) = 160*w**2 - 7*w - 13. What are the prime factors of i(9)?
2, 3221
Let o = -65 + 89. Let s = 37 - o. What are the prime factors of s*(-7)/(21/(-24))?
2, 13
Let b = 40 - 22. Suppose 4*o + b = 13*o. Suppose -o*k = 3*s - 72, 8*k - 11*k = s - 17. What are the prime factors of s?
2, 13
Let l(m) = 12*m**3 - 3*m**2 + 8*m - 10. Let d be l(5). Suppose x = -u + 4*u + d, 0 = 5*x + 3*u - 7185. What are the prime factors of x?
2, 3, 5
Let s(o) = -143*o + 3671. What are the prime factors of s(-81)?
2, 29, 263
List the prime factors of -3 + 18/2 - (-17002 + -226).
2, 7, 1231
Suppose -17*s + 6*s = 44. Let z(c) = 9*c**2 - 27*c - 21. Let y(t) = 14*t**2 - 41*t - 31. Let w(f) = -5*y(f) + 8*z(f). List the prime factors of w(s).
3, 7
Suppose -6*a - 110657 = -472355. What are the prime factors of a?
23, 2621
Let l be 1946 + (-9 - 16/(-2)). Let r = l - 187. What are the prime factors of r?
2, 3, 293
Let y(k) = -6*k - 1 + 1 - 3. Suppose 386 = 8*p + 458. List the prime factors of y(p).
3, 17
Let m = 15 - 12. Suppose -2*c + m*v = -7*c + 14, 4*c - 22 = 3*v. List the prime factors of ((-2)/c)/(3/(-342)).
3, 19
Suppose 4*q = 2*l - 140190, 2*q = -4*l - 85624 + 365984. What are the prime factors of l?
7, 17, 19, 31
Suppose r - 522 = -5*r. List the prime factors of (-1206)/(-4) + r/58.
3, 101
Let i = -1230 + 4490. List the prime factors of i.
2, 5, 163
Suppose -25*p + 25*p + 85 = -17*p. Suppose 5*v - 26 = n, -6 = 2*n - 4. What are the prime factors of 66/(v/p)*-1?
2, 3, 11
Suppose -4*a = 5*k + 4, 0*a + 5*k = -a - 16. Suppose -14*s - a*s = -7020. What are the prime factors of s?
2, 3, 5, 13
Let n = -266 - -471. Let p = 1053 - n. Suppose p + 594 = 7*t. What are the prime factors of t?
2, 103
Let d be (-3 - (-3 + -5))*9/15. Suppose 0 = d*h - 3*o - 3358 - 2651, 0 = 2*h + 2*o - 4026. What are the prime factors of h?
2, 251
Let k(h) = h**3 + 11*h**2 - 7. Let j be k(-4). Let v(s) = 5*s + 21. Let n be v(-14). Let x = j + n. List the prime factors of x.
2, 7
Let k(c) = 3049*c + c**2 + c**3 + 107 - 1525*c - 1523*c. Let g = -6 - -6. What are the prime factors of k(g)?
107
Let d(m) be the second derivative of 25/2*m**2 + 0 + m**3 - 11*m. List the prime factors of d(9).
79
List the prime factors of -34 - -37 - 168/(12/(-40) - 0).
563
Let d = 39 - 43. Let p be (-40)/(d/14 + 4/63). Suppose 15*f = 17*f - p. List the prime factors of f.
2, 3, 5
Suppose -523562 = -216*c + 696676 - 53190. What are the prime factors of c?
3, 1801
Let k = 9825 + 7103. What are the prime factors of k?
2, 23
Let f(a) = 4413*a - 262. List the prime factors of f(1).
7, 593
Let x = 34290 + -14356. List the prime factors of x.
2, 9967
Let l(d) = 28*d - 8. Let c(w) = 55*w - 15. Let z(j) = -4*c(j) + 7*l(j). Let b be z(5). Let y = b - -197. List the prime factors of y.
3
Let c(k) = k**3 + 81*k**2 + 107*k + 127. List the prime factors of c(-75).
2, 23, 281
Let z = 620 + -318. Suppose -4*a + 0*s = 4*s - 632, z = 2*a - 5*s. Let i = a + -13. What are the prime factors of i?
11, 13
Let x(n) = n**3 + 16*n**2 + 17*n + 52. Let z be x(-15). Let s(l) = -l**3 + 25*l**2 - 27*l + 55. List the prime factors of s(z).
11, 83
Suppose 139*l = 146*l. Suppose l = -0*m + 42*m - 48132. List the prime factors of m.
2, 3, 191
Suppose 3*l = -12, -4*y = 4*l + 6 + 10. Suppose q + p = -0*q - 6, y = 5*p. List the prime factors of q/45 - (-3535)/75.
47
Let t(p) = -p**3 + p**2 - 6*p - 27. Let n = -76 - -73. List the prime factors of t(n).
3
Suppose -1463 = -3*y + 316. Suppose -5*s + f + y = 0, 2*s - 4*f = 5*s - 365. Let t = s - 75. List the prime factors of t.
2, 11
Suppose -74 = 6*v + 826. List the prime factors of 226*(3/12 - v/40).
2, 113
Let o(q) = -7*q + 25. Let p be o(-9). Let k = p - 76. Suppose 256 = k*a - 4*a. List the prime factors of a.
2
Let b(x) = 3*x - 5. Let p be b(3). Let j(k) = -p*k - 2*k - 4*k - 19 - k. What are the prime factors of j(-10)?
7, 13
Let n = -200 + 206. Let s(g) = -3*g**2 + 59*g - 9. List the prime factors of s(n).
3, 79
Let n be (10 + -1)*3*2/18. Suppose -h = u + u + 8, n*u + 11 = -2*h. Let k(i) = i**3 + 8*i**2 - 4*i - 6. List the prime factors of k(u).
89
Let p(r) = -78*r + 12. Let d(g) = 4*g + 1. Let m(y) = -18*d(y) - p(y). List the prime factors of m(11).
2, 3
Let n(a) = 2*a + 7. Let l be n(9). Let z = -24 + l. What are the prime factors of 0/(-1) - z/((-1)/103)?
103
Suppose 56238 = 4*s + 3*i, -3*i - 194 = -176. What are the prime factors of s?
2, 3, 293
Let v be (-2)/(-32)*4 + 15657/12. Suppose -8*u - v + 5545 = 0. List the prime factors of u.
2, 5, 53
Let x be (2/(-1))/(-1 + 1295/1293). Let s = -918 - x. What are the prime factors of s?
3, 5
Suppose 24 = -l - 5*u, 4*l - 3*u - 30 = -11. What are the prime factors of (75/45)/(l/87)?
5, 29
Suppose -350*q + 22241279 = 3131629. What are the prime factors of q?
71, 769
Suppose 4*u - 352 = -2*v - 2*v, -2*v - 73 = -u. Suppose 5*p = -4*f + u, -f - 9*p + 7*p + 17 = 0. List the prime factors of f.
3
Let m(i) = -i**2 + 133. Let s be m(7). Suppose -16*d + 1996 + s = 0. What are the prime factors of d?
2, 5, 13
Suppose k = 5*i + 24, -k - 2*i = 2*i + 3. Suppose -8*v + 5*n = -k*v + 184, 3*n = 3*v - 642. List the prime factors of v.
11, 19
Let i = 24375 + -12381. What are the prime factors of i?
2, 3, 1999
Let o(m) = -2*m - 29*m + 65*m + 2*m - 101. List the prime factors of o(6).
5, 23
Let t be (-26)/(-4)*(0 + 0 + 2). Suppose -t - 14 = 9*j. What are the prime factors of (-406)/(-8) + (11/(-4) - j)?
3, 17
Suppose 0 = -5*i + 2*h + 17, -4*h + 13 = 4*i - 23. What are the prime factors of (-3 + 8)*1642/i?
2, 821
Let u = 37 + -94. Let z = 262 + u. What are the prime factors of z?
5, 41
Let m = 5127 - 2273. What are the prime factors of m?
2, 1427
Let w be 1160 - 8 - 5*8/20. Suppose -2*t = -3*z + 1763, -2*z - 18*t + 13*t + w = 0. What are the prime factors of z?
3, 5, 13
Let v = 1725 + 2746. Suppose -13*m + 222 + v = 0. Li